ime factors of 905?
5, 181
List the prime factors of 115750.
2, 5, 463
List the prime factors of 29654.
2, 14827
List the prime factors of 561.
3, 11, 17
List the prime factors of 1838.
2, 919
What are the prime factors of 61808?
2, 3863
List the prime factors of 2799.
3, 311
List the prime factors of 2684.
2, 11, 61
What are the prime factors of 911?
911
What are the prime factors of 157910?
2, 5, 15791
What are the prime factors of 7820?
2, 5, 17, 23
List the prime factors of 1553.
1553
List the prime factors of 2140.
2, 5, 107
List the prime factors of 646.
2, 17, 19
What are the prime factors of 22071?
3, 7, 1051
What are the prime factors of 4571?
7, 653
What are the prime factors of 3899?
7, 557
List the prime factors of 3402.
2, 3, 7
List the prime factors of 1015.
5, 7, 29
What are the prime factors of 1791?
3, 199
List the prime factors of 19568.
2, 1223
What are the prime factors of 23610?
2, 3, 5, 787
What are the prime factors of 3115?
5, 7, 89
List the prime factors of 85.
5, 17
List the prime factors of 1097.
1097
List the prime factors of 1112.
2, 139
What are the prime factors of 24452?
2, 6113
What are the prime factors of 3756?
2, 3, 313
What are the prime factors of 2064?
2, 3, 43
What are the prime factors of 906?
2, 3, 151
What are the prime factors of 677?
677
What are the prime factors of 6066?
2, 3, 337
List the prime factors of 1511.
1511
What are the prime factors of 3985?
5, 797
What are the prime factors of 6184?
2, 773
What are the prime factors of 14952?
2, 3, 7, 89
List the prime factors of 14006.
2, 47, 149
What are the prime factors of 428?
2, 107
What are the prime factors of 3020?
2, 5, 151
List the prime factors of 1640.
2, 5, 41
What are the prime factors of 4459?
7, 13
List the prime factors of 2.
2
What are the prime factors of 82?
2, 41
What are the prime factors of 4311?
3, 479
What are the prime factors of 2551?
2551
List the prime factors of 81378.
2, 3, 11, 137
What are the prime factors of 3050?
2, 5, 61
What are the prime factors of 43022?
2, 7, 439
What are the prime factors of 1100?
2, 5, 11
List the prime factors of 1811.
1811
List the prime factors of 17213.
7, 2459
What are the prime factors of 137598?
2, 3, 17, 19, 71
What are the prime factors of 44322?
2, 3, 83, 89
What are the prime factors of 157?
157
List the prime factors of 100405.
5, 43, 467
List the prime factors of 7072.
2, 13, 17
What are the prime factors of 3501?
3, 389
List the prime factors of 121987.
199, 613
List the prime factors of 25425.
3, 5, 113
List the prime factors of 29977.
31, 967
What are the prime factors of 5143?
37, 139
List the prime factors of 841.
29
What are the prime factors of 14731?
14731
What are the prime factors of 848?
2, 53
List the prime factors of 603.
3, 67
List the prime factors of 53192.
2, 61, 109
What are the prime factors of 35786?
2, 29, 617
List the prime factors of 17683.
17683
List the prime factors of 1212.
2, 3, 101
List the prime factors of 9137.
9137
What are the prime factors of 1225?
5, 7
List the prime factors of 1156.
2, 17
List the prime factors of 82695.
3, 5, 37, 149
What are the prime factors of 1625?
5, 13
List the prime factors of 396.
2, 3, 11
List the prime factors of 5584.
2, 349
What are the prime factors of 4330?
2, 5, 433
What are the prime factors of 32892?
2, 3, 2741
List the prime factors of 31127.
17, 1831
What are the prime factors of 36729?
3, 7, 11, 53
What are the prime factors of 2088?
2, 3, 29
What are the prime factors of 3902?
2, 1951
What are the prime factors of 1619?
1619
List the prime factors of 954.
2, 3, 53
What are the prime factors of 2162?
2, 23, 47
What are the prime factors of 3332?
2, 7, 17
What are the prime factors of 15522?
2, 3, 13, 199
List the prime factors of 714.
2, 3, 7, 17
What are the prime factors of 3289?
11, 13, 23
What are the prime factors of 21313?
21313
What are the prime factors of 43649?
43649
List the prime factors of 444.
2, 3, 37
What are the prime factors of 1255?
5, 251
List the prime factors of 193.
193
List the prime factors of 347.
347
List the prime factors of 106104.
2, 3, 4421
What are the prime factors of 127377?
3, 14153
What are the prime factors of 3557?
3557
List the prime factors of 156716.
2, 7, 29, 193
List the prime factors of 192.
2, 3
List the prime factors of 14417.
13, 1109
What are the prime factors of 6191?
41, 151
List the prime factors of 966.
2, 3, 7, 23
What are the prime factors of 501?
3, 167
What are the prime factors of 11627?
7, 11, 151
List the prime factors of 1082.
2, 541
List the prime factors of 30746.
2, 15373
What are the prime factors of 86?
2, 43
List the prime factors of 17764.
2, 4441
List the prime factors of 6928.
2, 433
What are the prime factors of 1187?
1187
List the prime factors of 78.
2, 3, 13
What are the prime factors of 69908?
2, 17477
What are the prime factors of 13029?
3, 43, 101
List the prime factors of 1845.
3, 5, 41
What are the prime factors of 28285?
5, 5657
What are the prime factors of 25221?
3, 7, 1201
List the prime factors of 2694.
2, 3, 449
What are the prime factors of 1079?
13, 83
List the prime factors of 6852.
2, 3, 571
What are the prime factors of 56816?
2, 53, 67
What are the prime factors of 1227?
3, 409
What are the prime factors of 11897?
11897
List the prime factors of 444.
2, 3, 37
What are the prime factors of 122?
2, 61
What are the prime factors of 2358?
2, 3, 131
What are the prime factors of 11423?
11423
What are the prime factors of 18869?
18869
List the prime factors of 28836.
2, 3, 89
List the prime factors of 73699.
73699
What are the prime factors of 18019?
37, 487
What are the prime factors of 1244?
2, 311
List the prime factors of 31811.
13, 2447
What are the prime factors of 1904?
2, 7, 17
What are the prime factors of 2433?
3, 811
List the prime factors of 848.
2, 53
What are the prime factors of 1084?
2, 271
List the prime factors of 17.
17
What are the prime factors of 34521?
3, 37, 311
What are the prime factors of 1773?
3, 197
List the prime factors of 45823.
45823
What are the prime factors of 819?
3, 7, 13
What are the prime factors of 10427?
10427
What are the prime factors of 162356?
2, 37, 1097
What are the prime factors of 1413?
3, 157
List the prime factors of 3279.
3, 1093
List the prime factors of 1310.
2, 5, 131
What are the prime factors of 6174?
2, 3, 7
List the prime factors of 88.
2, 11
List the prime factors of 88758.
2, 3, 4931
List the prime factors of 1702.
2, 23, 37
What are the prime factors of 233?
233
What are the prime factors of 6124?
2, 1531
List the prime factors of 53530.
2, 5, 53, 101
What are the prime factors of 40694?
2, 20347
What are the prime factors of 64475?
5, 2579
List the prime factors of 599.
599
List the prime factors of 69.
3, 23
What are the prime factors of 1907?
1907
List the prime factors of 34081.
173, 197
What are the prime factors of 11781?
3, 7, 11, 17
List the prime factors of 175667.
97, 1811
What are the prime factors of 41154?
2, 3, 19
What are the prime factors of 3545?
5, 709
What are the prime factors of 72?
2, 3
What are the prime factors of 43186?
2, 11, 13, 151
List the prime factors of 5841.
3, 11, 59
List the prime factors of 4945.
5, 23, 43
What are the prime factors of 198?
2, 3, 11
What are the prime factors of 12060?
2, 3, 5, 67
List the prime factors of 57.
3, 19
List the prime factors of 7308.
2, 3, 7, 29
What are the prime factors of 29996?
2, 7499
What are the prime factors of 1188?
2, 3, 11
What are the prime factors of 8939?
7, 1277
What are the prime factors of 760?
2, 5, 19
What are the prime factors of 70681?
13, 5437
What are the prime factors of 562?
2, 281
What are the prime factors of 14687?
19, 773
What are the prime factors of 35272?
2, 4409
List the prime factors of 330.
2, 3, 5, 11
List the prime factors of 49911.
3, 127, 131
What are the prime factors of 36612?
2, 3, 113
What are the prime factors of 576?
2, 3
What are the prime factors of 1823?
1823
What are the prime factors of 132?
2, 3, 11
List the prime factors of 10044.
2, 3, 31
What are the prime factors of 602?
2, 7, 43
What are the prime factors of 1153?
1153
List the prime factors of 2622.
2, 3, 19, 23
What are the prime factors of 1054?
2, 17, 31
What are the prime factors of 